{"id":118,"date":"2024-02-24T22:16:28","date_gmt":"2024-02-25T01:16:28","guid":{"rendered":"https:\/\/wpsinfo.com.br\/?page_id=118"},"modified":"2024-06-14T11:00:24","modified_gmt":"2024-06-14T14:00:24","slug":"blog-2","status":"publish","type":"page","link":"https:\/\/wpsinfo.com.br\/index.php\/blog-2\/","title":{"rendered":"Blog"},"content":{"rendered":"\n<p><strong>Servi\u00e7os de Seguran\u00e7a Patrimonial, Controle de Acesso e Monitoramento<\/strong><\/p>\n\n\n\n<p class=\"has-cyan-bluish-gray-color has-text-color has-link-color wp-elements-799d4161af2058e990737604d262db20\">A seguran\u00e7a patrimonial \u00e9 uma preocupa\u00e7\u00e3o essencial para empresas e resid\u00eancias. Para garantir a prote\u00e7\u00e3o do seu patrim\u00f4nio, \u00e9 necess\u00e1rio contar com servi\u00e7os especializados que ofere\u00e7am solu\u00e7\u00f5es eficientes. Nesse sentido, a instala\u00e7\u00e3o de sistemas de controle de acesso, monitoramento e c\u00e2meras de seguran\u00e7a se torna fundamental.<\/p>\n\n\n\n<p class=\"has-cyan-bluish-gray-color has-text-color has-link-color wp-elements-85726f468cd2db01ce046469bf51b667\">A seguran\u00e7a patrimonial abrange uma s\u00e9rie de medidas que visam proteger bens materiais, pessoas e informa\u00e7\u00f5es. Uma das principais solu\u00e7\u00f5es \u00e9 o controle de acesso, que permite restringir a entrada de pessoas n\u00e3o autorizadas em determinados locais. Com a utiliza\u00e7\u00e3o de tecnologias avan\u00e7adas, como leitores de cart\u00e3o, biometria e reconhecimento facial, \u00e9 poss\u00edvel garantir a seguran\u00e7a de forma eficaz.<\/p>\n\n\n\n<p class=\"has-cyan-bluish-gray-color has-text-color has-link-color wp-elements-ecd4377641582749d7bf6a686c11b8f4\">O monitoramento tamb\u00e9m desempenha um papel importante na seguran\u00e7a patrimonial. Atrav\u00e9s do uso de c\u00e2meras de seguran\u00e7a, \u00e9 poss\u00edvel acompanhar em tempo real o que acontece em determinados ambientes, prevenindo a\u00e7\u00f5es criminosas e identificando poss\u00edveis amea\u00e7as. Al\u00e9m disso, a grava\u00e7\u00e3o das imagens permite a an\u00e1lise posterior de eventos e a identifica\u00e7\u00e3o de suspeitos.<\/p>\n\n\n\n<p class=\"has-cyan-bluish-gray-color has-text-color has-link-color wp-elements-4d597397350b3064ca027e2ebfcf5c84\">A instala\u00e7\u00e3o de c\u00e2meras de seguran\u00e7a \u00e9 um dos servi\u00e7os mais procurados na \u00e1rea de seguran\u00e7a patrimonial. \u00c9 importante contar com profissionais qualificados, que possam avaliar o ambiente e indicar o posicionamento adequado das c\u00e2meras, garantindo uma cobertura eficiente. Al\u00e9m disso, \u00e9 necess\u00e1rio escolher equipamentos de qualidade, que ofere\u00e7am imagens n\u00edtidas e recursos avan\u00e7ados.<\/p>\n\n\n\n<p class=\"has-cyan-bluish-gray-color has-text-color has-link-color wp-elements-62d8d4bf8dc41068f258bdc306213ad0\">Em resumo, a seguran\u00e7a patrimonial envolve uma s\u00e9rie de servi\u00e7os, como controle de acesso, monitoramento, grava\u00e7\u00e3o de imagens, instala\u00e7\u00e3o de c\u00e2meras, entre outros. Ao contar com uma empresa especializada, voc\u00ea ter\u00e1 a tranquilidade de saber que seu patrim\u00f4nio est\u00e1 protegido de forma eficiente.<\/p>\n\n\n\n<p class=\"has-cyan-bluish-gray-color has-text-color has-link-color wp-elements-6c5da5ad5c0c7d23114e2fd94063cc6c\"><\/p>\n\n\n\n\n\n<div style=\"height:100px\" aria-hidden=\"true\" class=\"wp-block-spacer\"><\/div>\n\n\n\n<div style=\"height:150px\" aria-hidden=\"true\" class=\"wp-block-spacer\"><\/div>\n","protected":false},"excerpt":{"rendered":"<p>Servi\u00e7os de Seguran\u00e7a Patrimonial, Controle de Acesso e Monitoramento A seguran\u00e7a patrimonial \u00e9 uma preocupa\u00e7\u00e3o essencial para empresas e resid\u00eancias. Para garantir a prote\u00e7\u00e3o do seu patrim\u00f4nio, \u00e9 necess\u00e1rio contar com servi\u00e7os especializados que ofere\u00e7am solu\u00e7\u00f5es eficientes. Nesse sentido, a instala\u00e7\u00e3o de sistemas de controle de acesso, monitoramento e c\u00e2meras de seguran\u00e7a se torna fundamental. &hellip; <\/p>\n<p class=\"link-more\"><a href=\"https:\/\/wpsinfo.com.br\/index.php\/blog-2\/\" class=\"more-link\">Continue reading<span class=\"screen-reader-text\"> &#8220;Blog&#8221;<\/span><\/a><\/p>\n","protected":false},"author":1,"featured_media":217,"parent":0,"menu_order":0,"comment_status":"open","ping_status":"closed","template":"","meta":{"footnotes":""},"class_list":["post-118","page","type-page","status-publish","has-post-thumbnail","hentry"],"_links":{"self":[{"href":"https:\/\/wpsinfo.com.br\/index.php\/wp-json\/wp\/v2\/pages\/118","targetHints":{"allow":["GET"]}}],"collection":[{"href":"https:\/\/wpsinfo.com.br\/index.php\/wp-json\/wp\/v2\/pages"}],"about":[{"href":"https:\/\/wpsinfo.com.br\/index.php\/wp-json\/wp\/v2\/types\/page"}],"author":[{"embeddable":true,"href":"https:\/\/wpsinfo.com.br\/index.php\/wp-json\/wp\/v2\/users\/1"}],"replies":[{"embeddable":true,"href":"https:\/\/wpsinfo.com.br\/index.php\/wp-json\/wp\/v2\/comments?post=118"}],"version-history":[{"count":8,"href":"https:\/\/wpsinfo.com.br\/index.php\/wp-json\/wp\/v2\/pages\/118\/revisions"}],"predecessor-version":[{"id":398,"href":"https:\/\/wpsinfo.com.br\/index.php\/wp-json\/wp\/v2\/pages\/118\/revisions\/398"}],"wp:featuredmedia":[{"embeddable":true,"href":"https:\/\/wpsinfo.com.br\/index.php\/wp-json\/wp\/v2\/media\/217"}],"wp:attachment":[{"href":"https:\/\/wpsinfo.com.br\/index.php\/wp-json\/wp\/v2\/media?parent=118"}],"curies":[{"name":"wp","href":"https:\/\/api.w.org\/{rel}","templated":true}]}}